6*s + 1874283. Calculate u(-34).
-1
Let o(b) = 8*b**2 + 180*b + 2408. Determine o(-22).
2320
Let l(g) = -54*g**2 + 11538*g + 15482. Give l(215).
2
Let u(l) = -35*l**3 - 702*l**2 - 44*l - 89. Determine u(-20).
-9
Let f(g) = 7*g**2 + 1517*g + 6012. What is f(-4)?
56
Let m(v) = 8*v**3 - 68*v**2 + 8*v - 11. Determine m(8).
-203
Let i(a) = 5*a**3 + 209*a**2 - 17*a - 478. What is i(-42)?
-1528
Let i(h) = 66*h**3 + 528*h**2 + 17*h + 127. What is i(-8)?
-9
Let j(s) = -260830*s - 260845. Determine j(-1).
-15
Let v(s) = 8*s**3 - 1320*s**2 - 149*s + 24570. Calculate v(165).
-15
Let f(u) = 3*u**2 - 144*u - 7520. What is f(83)?
1195
Let l(t) = t**3 - 40*t**2 - 16*t - 4837. Give l(43).
22
Let l(z) = 1042*z + 167759. Calculate l(-161).
-3
Let m(f) = f**3 - 95*f**2 + 195*f - 818. Calculate m(93).
19
Let z(w) = -6494*w - 655888. Calculate z(-101).
6
Let f(x) = -3*x**2 + 872*x - 34922. Give f(48).
22
Let d(f) = 7270*f + 3736777. Determine d(-514).
-3
Let c(o) = 3607*o - 147875. Determine c(41).
12
Let v(g) = -16271*g + 211511. What is v(13)?
-12
Let b(m) = -445*m + 6570. Give b(14).
340
Let m(h) = -306*h - 3272. Give m(-18).
2236
Let y(w) = -w**3 + 89*w**2 + 799*w - 56131. Give y(91).
16
Let i(p) = 8594*p - 111733. Determine i(13).
-11
Let b(q) = q**3 - 12*q**2 - 69*q + 19. Calculate b(18).
721
Let o(a) = 81905*a + 7699072. What is o(-94)?
2
Let s(t) = -48*t**2 - 504*t + 4129. What is s(6)?
-623
Let g(r) = -21*r**2 + 93*r + 1543. What is g(11)?
25
Let g(q) = -387*q**3 - 775*q**2 - 23*q - 34. What is g(-2)?
8
Let j(d) = -2*d**3 - 77*d**2 + 1079*d + 44031. Calculate j(-37).
1
Let i(q) = q**2 - 75*q + 2460. What is i(36)?
1056
Let k(x) = x**2 - 3610*x - 101897. Give k(-28).
-33
Let x(h) = h**2 + 5552*h + 247772. Determine x(-45).
-43
Let x(v) = -5*v**2 - 366*v + 5762. Calculate x(16).
-1374
Let t(o) = 3343*o - 270780. What is t(81)?
3
Let x(c) = -2*c**3 + 16*c**2 + 427*c - 5309. Give x(12).
-1337
Let l(k) = -2550*k - 12744. What is l(-5)?
6
Let o(f) = -10*f**2 - 1141*f + 641. Give o(-113).
1884
Let l(r) = 32870*r + 48516125. What is l(-1476)?
5
Let z(w) = 39853*w - 278918. Give z(7).
53
Let x(q) = -101*q - 761. Determine x(-16).
855
Let p(u) = -3*u**3 - 765*u**2 - 6636*u + 1480. Give p(-246).
4
Let p(q) = -289*q**2 - 346*q + 960. Determine p(3).
-2679
Let k(o) = 2*o**3 + 146*o**2 - 1758*o - 128338. Give k(-73).
-4
Let c(x) = 11*x**2 - 650*x - 19585. What is c(-22)?
39
Let h(g) = 8084*g - 291030. Calculate h(36).
-6
Let v(s) = 375*s - 10309. What is v(24)?
-1309
Let t(d) = 3*d**3 + 419*d**2 + 692*d + 405. Give t(-138).
129
Let z(r) = -2*r**3 + 30*r**2 + 19*r - 89. Give z(5).
506
Let m(p) = 57861*p + 462988. What is m(-8)?
100
Let z(k) = -7*k**2 + 631*k - 390. Give z(90).
-300
Let c(n) = -n**2 + 9073*n - 905. Determine c(0).
-905
Let y(o) = -o**3 - 40*o**2 - 82*o + 1167. Calculate y(-38).
1395
Let o(u) = -635*u**3 - 1933*u**2 - 36*u + 13. What is o(-3)?
-131
Let s(t) = -42*t**3 - 1176*t**2 + 6*t + 142. Calculate s(-28).
-26
Let f(o) = 213*o + 3866. What is f(-16)?
458
Let h(q) = -202*q + 3498. Calculate h(15).
468
Let x(t) = -t**2 - 58*t + 1820. Give x(-78).
260
Let r(m) = -13053*m + 195875. Determine r(15).
80
Let d(h) = 4*h - 747. What is d(-16)?
-811
Let r(f) = -105*f**2 + 2130*f - 5. Give r(19).
2560
Let g(z) = 257*z**2 - 5984*z - 1. Calculate g(23).
-1680
Let w(j) = -8*j**3 + 7*j**2 + 209*j + 1099. What is w(-6)?
1825
Let i(w) = -16*w**3 + 112*w**2 - 81*w - 95. Give i(6).
-5
Let z(o) = -29*o**2 - 12183*o - 1276. What is z(-420)?
-16
Let k(l) = 14155*l - 155770. Determine k(11).
-65
Let q(r) = 207163*r + 1035829. Calculate q(-5).
14
Let m(c) = 1700*c + 64596. What is m(-38)?
-4
Let h(s) = 2*s**3 - 247*s**2 + 6406*s - 203. What is h(37)?
-18
Let b(g) = -g**3 - 41*g**2 + 1330*g + 41820. Calculate b(-51).
0
Let f(c) = -484*c - 67848. Determine f(-140).
-88
Let c(f) = -129882*f + 6104458. Give c(47).
4
Let f(j) = -157*j + 903. Give f(-5).
1688
Let c(m) = -2*m**2 - 296*m + 62034. Determine c(-265).
24
Let x(p) = -p**3 - 14*p**2 + 11561*p + 92648. Give x(-8).
-224
Let u(i) = i**2 - 4246*i + 194674. Determine u(46).
1474
Let u(c) = -8850*c + 17780. Calculate u(2).
80
Let m(y) = -26*y**2 + 56*y - 289. Calculate m(6).
-889
Let y(z) = -24*z**2 - 6572*z - 110527. Calculate y(-18).
-7
Let r(p) = 631*p**2 + 408*p + 407. What is r(-1)?
630
Let i(w) = -7*w**2 + 1657*w - 11665. Determine i(7).
-409
Let a(o) = -o**3 - 18*o**2 - 19129*o - 267027. Give a(-14).
-5
Let c(a) = 39*a**2 + 576*a + 130. Determine c(-15).
265
Let t(g) = 5*g**2 - 30*g - 1111. Give t(-23).
2224
Let h(g) = -243*g + 85539. Calculate h(340).
2919
Let z(g) = 5*g**2 - 9586*g - 28780. What is z(-3)?
23
Let s(i) = 17088*i + 1811319. Give s(-106).
-9
Let y(g) = -3*g**2 + 731*g + 113938. Determine y(-108).
-2
Let v(h) = 16*h**2 - 45*h - 15. What is v(4)?
61
Let a(x) = 130214*x - 108989118. Determine a(837).
0
Let s(y) = 11*y**2 + 1478*y - 10. What is s(0)?
-10
Let c(l) = l**3 + 328*l**2 + 2872*l + 322. What is c(-319)?
3
Let n(u) = 35*u**2 - 420*u - 1758. Determine n(-4).
482
Let p(x) = -2*x**3 + 3*x**2 + 59*x - 31. Determine p(6).
-1
Let w(r) = -4*r**2 + 379*r - 2471. Determine w(8).
305
Let a(b) = -248*b**2 + 1217*b + 119. Calculate a(5).
4
Let p(d) = 679*d + 7816. Calculate p(-15).
-2369
Let i(y) = 298*y**3 - 42*y**2 - 96*y + 1. Give i(-3).
-8135
Let b(y) = -116412*y - 1396956. Determine b(-12).
-12
Let x(b) = -8*b**2 + 917*b - 8082. Give x(105).
3
Let i(f) = 2*f**2 + 1090*f - 14297. Give i(13).
211
Let k(q) = -2*q**3 - 48*q**2 + 217*q - 16. Give k(4).
-44
Let h(l) = 1307*l + 65422. What is h(-51)?
-1235
Let n(o) = o**3 - 208*o**2 - 1528*o + 4891. What is n(215)?
-54
Let j(x) = -161900*x + 647600. Give j(4).
0
Let k(o) = -11658*o + 4406757. What is k(378)?
33
Let a(o) = -4*o**2 + 47*o + 9113. Determine a(54).
-13
Let u(v) = -1877645*v + 9388217. Determine u(5).
-8
Let m(o) = -3*o**3 + 97*o**2 + 61*o - 18. Give m(33).
-183
Let p(n) = 17*n**3 + 3*n**2 - 19*n - 165. Calculate p(-3).
-540
Let g(w) = -w**3 + 209*w**2 + 1213*w - 24. Determine g(-6).
438
Let x(t) = -t**3 + 499*t**2 + 290*t - 392429. Determine x(498).
-5
Let s(x) = -5*x**2 - 628*x + 3769. Give s(6).
-179
Let i(g) = 1034*g + 10344. What is i(-10)?
4
Let n(r) = -243*r + 13663. What is n(59)?
-674
Let t(q) = 2*q**3 + 223*q**2 - 1033*q - 127026. Give t(-111).
-42
Let f(h) = -360*h - 52335. Determine f(-145).
-135
Let m(r) = 2*r**3 + 34*r**2 - r + 405. Determine m(-18).
-225
Let f(m) = -1907*m - 22792. Determine f(-12).
92
Let j(g) = 3108*g + 307773. Calculate j(-99).
81
Let b(d) = -2045*d**2 + 73621*d + 26. Give b(36).
62
Let y(p) = 161*p + 12033. What is y(-75)?
-42
Let g(w) = -17*w**3 - 351*w**2 + 128*w + 44. Determine g(-21).
2
Let i(x) = x**2 + 2678*x - 32289. Calculate i(12).
-9
Let y(x) = -573*x + 16365. What is y(31)?
-1398
Let u(w) = 2*w**2 + 116*w + 358. Give u(0).
358
Let x(d) = 6*d**2 - 790*d + 12291. Calculate x(16).
1187
Let j(h) = 2*h**2 - 125288*h - 877038. Calculate j(-7).
76
Let q(y) = -2017*y + 302674. Calculate q(150).
124
Let l(i) = -4*i**2 - 1105*i - 55391. Give l(-66).
115
Let m(a) = a**3 - 140*a**2 + 3487*a - 198. Determine m(32).
794
Let b(k) = 4*k**2 - 1953*k - 1976518. What is b(-500)?
-18
Let g(i) = -700*i**3 - 51*i**2 + 46*i + 2. Calculate g(1).
-703
Let b(k) = -3242*k + 5871. What is b(2)?
-613
Let t(i) = -9*i**2 - 2195*i + 912. Give t(-244).
668
Let n(c) = c**3 - 6*c**2 - 2442*c - 9592. Give n(-4).
16
Let a(g) = -17*g**3 - 3*g**2 - 7*g - 26. What is a(-5)?
2059
Let b(x) = -47*x**3 + 9*x**2 - 19*x + 5. Calculate b(4).
-2935
Let z(v) = 1378*v + 28906. Determine z(-21).
-32
Let n(f) = 3*f**3 + 15*f**2 - 254*f - 23. Calculate n(-12).
1
Let b(z) = -2*z**2 + 2355*z + 697034. Determine b(-245).
9
Let o(s) = s**2 - 16*s - 760. Give o(36).
-40
Let n(g) = -2*g**3 - 80*g**2 - 89*g - 10794. Determine n(-42).
0
Let w(m) = -84*m - 3950. Give w(-52).
418
Let z(i) = -4768*i + 56820. Calculate z(12).
-396
Let s(m) = -2*m**3 - 257*m**2 + 1568*m + 119564. What is s(-131)?
-39
Let m(n) = n**3 - 44*n**2 - 20*n + 242. What is m(44)?
-638
Let a(j) = -5829*j - 5929. What is a(-1)?
-100
Let q(w) = 941*w - 1997. Determine q(0).
-1997
Let m(t) = 4*t**2 + 23*t - 244. Calculate m(-12).
56
Let o(x) = 42*x**2 - 684*x + 2480. Determine o(11).
38
Let t(w) 